nd 23?
23
Suppose x - 5*b = 0, -5*x + 124*b + 135 = 126*b. What is the highest common factor of x and 320?
5
Let n(m) = -m**3 - 5*m**2 + 4*m - 6. Let v be n(-6). Let o be 109/(-4)*-1 + v/8. Calculate the highest common divisor of o and 42.
14
Let d(x) = -44*x - 6. Let h(w) = 15*w + 2. Let o(t) = -4*d(t) - 14*h(t). Let l be o(2). Let c = 76 + l. What is the highest common divisor of 4 and c?
4
Suppose 0 = -2*i - 4*a + 29 + 23, 5*a - 89 = -4*i. Suppose i = -5*u - 19. Let l be (3 + 3/u)/(6/28). What is the highest common divisor of l and 108?
12
Let w = 110 + -105. Suppose -w*z + 770 = 4*a, -5*a + 4*z + 176 = -807. What is the highest common divisor of 156 and a?
39
Let f(y) = -150*y - 431. Let g be f(-3). What is the highest common factor of 5681 and g?
19
Let c be (((-3864)/14)/(-2))/(1 - 0). What is the greatest common divisor of 9 and c?
3
Suppose t = 4 + 6. Suppose -5*h = 47*x - 44*x - 30, 0 = 2*x + 5*h - 20. Calculate the greatest common divisor of t and x.
10
Suppose p - 51 = 4. Suppose -2*t + 88 = -b, -5*b = 2*t - b - 78. Suppose -2*z + 25 = 3*s + 2*z, 5*z + t = 3*s. What is the greatest common factor of s and p?
11
Suppose 2*t + 3*h - 15 - 15 = 0, 3*h = 5*t - 75. Suppose -4*r + 0*r = 0. Suppose 3 + r = u. Calculate the greatest common factor of u and t.
3
Let n(b) = -1336*b + 72. Let s be n(2). Let o be s/(-250) + (-4)/10. Calculate the greatest common factor of 3 and o.
1
Let g(v) = -v**2 + 3*v - 22. Let d be g(7). Let o = d + 91. Suppose 3*r - o - 31 = 0. What is the highest common divisor of 24 and r?
24
Suppose -4 = -7*s + 3*s, s - 167 = 2*g. Let y = g - -94. Calculate the highest common divisor of 781 and y.
11
Let p(q) = q**3 - 8*q**2 + 8*q - 193. Let t be p(13). What is the greatest common factor of t and 1674?
54
Let q(a) = 382*a**2 + 27*a - 53. Let c be q(2). What is the highest common divisor of c and 264?
11
Suppose y + 21 = 3*i - 0*y, 3 = -y. Suppose 3*m - 50 = -5*z, -8*m + z + 16 = -i*m. What is the highest common factor of 2 and m?
2
Suppose 5*g + j - 532 = 0, -29*g = -30*g + 3*j + 100. Let h = g - 70. What is the highest common divisor of h and 396?
36
Suppose 4*k - 3*y - 18 = 48, -4*y = k - 26. Calculate the highest common factor of 6930 and k.
18
Let b(i) = -2*i**3 + 70*i**2 + 238*i - 38. Let u be b(38). Suppose 2*w - 28 = 8. Calculate the highest common factor of w and u.
18
Suppose -z + 472 = 2*c, 9*c - 7*c = 4*z - 1878. Calculate the highest common divisor of z and 1175.
235
Suppose -5*o - 5*b = -11795, -4*o + 9720 = -4*b + 276. What is the highest common factor of o and 160?
40
Suppose -3*u - 64 = 2. Let a be (-194)/22 - (-4)/u. Let p(i) = i**2 + 7*i - 15. Let c be p(a). What is the greatest common divisor of 33 and c?
3
Let y = 46 + 1. Suppose 2*n - 4*b = 32 - 88, 4*n + 5*b = -y. Let k be (30/n)/(2/(-12)). What is the greatest common factor of 70 and k?
10
Suppose -3*a + 7*a = 696. Let v = 194 - a. What is the highest common divisor of v and 140?
20
Let b(j) = j**2 - 11*j + 12. Let w = 0 - -8. Suppose -w*f + 4*f = 48. Let i be b(f). Calculate the highest common divisor of i and 36.
36
Suppose 137*t = -2935 + 17594. Calculate the highest common factor of t and 963.
107
Suppose 9*b = -1564 - 1442. Let j = b - -408. Calculate the greatest common factor of j and 74.
74
Suppose 361*j - 373*j + 180 = 0. Let y be 142*(-1)/(-7) + 8/(-28). What is the greatest common factor of y and j?
5
Let d = 88 + -84. Suppose d*p + 183 = 3*q, -3*q - 3*p = -8*p - 186. Let u be 2 - (-36)/(-27)*q/(-2). What is the greatest common factor of 8 and u?
8
Suppose -5*u + 3*d + 24 = 0, 6*u - 2*d - 15 = 3*u. Suppose -u*k = -k - 30. Calculate the highest common factor of k and 210.
15
Let v(a) = -a**3 - 18*a**2 + 5*a + 94. Let g be v(-18). Suppose -2*k = -4*q - 52, -26*q = g*k - 22*q - 92. What is the greatest common divisor of 348 and k?
12
Suppose 50*x - 124*x = -51*x - 1610. What is the highest common factor of 7574 and x?
14
Let y be (124/(-155))/((-2)/(-1075)). Let s = y + 434. What is the greatest common factor of s and 22?
2
Let q = 39 + -153. Let m be q/(-10) + 4/(-10). Let d = -11111 + 11188. Calculate the greatest common divisor of m and d.
11
Let j be ((-2)/((-4)/(-79)))/(95/1330). Let g be (-1)/(-4 + j/(-140)). Calculate the highest common divisor of g and 170.
10
Suppose 757*p + 640 = 765*p. Let x(w) = 8*w**3 - w + 2. Let i be x(2). What is the greatest common divisor of p and i?
16
Let u(f) = -9*f - 34. Let h be u(-6). Let g(v) = v**2 - 19*v + 240. Let b be g(h). Calculate the greatest common divisor of 20 and b.
20
Suppose -58 = 1490*d - 1491*d. Let w = 24 + -26. Let s be w/9 - 14915/(-171). What is the greatest common divisor of s and d?
29
Let a be 3/6 - (0 + (-6)/(-4)). Let u be 5 - (-2)/a - (0 - 1). Suppose 0 = -u*l + 30 + 62. What is the highest common divisor of l and 23?
23
Suppose -s = 0, 878 = -4*k - 4*s + 3322. Let c = k - 587. What is the highest common divisor of 156 and c?
12
Let r = 3468 - 753. What is the greatest common divisor of 150 and r?
15
Let r(x) = 90*x + 5958. Let c be r(-65). Suppose 5*d = 3*d - 18. Let p be (d/(-6))/(2/96). Calculate the greatest common divisor of c and p.
36
Suppose 707 = -3*h - 5*g, -450 = -2*h + 4*h - 2*g. Let w = 573 + h. Calculate the greatest common divisor of 43 and w.
43
Let z = -10919 - -10928. Calculate the greatest common divisor of 10431 and z.
9
Let s(g) = 2*g**3 + 61*g**2 + 208*g + 34. Let f be s(-23). Calculate the greatest common divisor of 273 and f.
91
Suppose -11*o = -30*o + 418. Let z = -13 + 33. Let h be (o/(-55))/((-1)/z). Calculate the greatest common divisor of 64 and h.
8
Let c be ((-96)/(-84)*3)/((-6)/(-14)). Let n be ((-2)/(-6))/(1/9). Suppose n*i + u = i - 1, -2*i + u = -5. Calculate the highest common divisor of c and i.
1
Suppose -3*p + 3480 = 4*t, 4*t + p = -3*p + 3480. What is the greatest common divisor of 6438 and t?
174
Let j be (2 + 7 + -334)/(-5 + 4). Calculate the greatest common divisor of 175 and j.
25
Let k(c) = -83 + c**2 + 79 - 2*c + 35 + 184. Let b be k(0). Suppose 0 = -3*o + b + 145. Calculate the highest common factor of 30 and o.
30
Let p(w) = -163*w + 5*w**2 + 20*w - 2 - 36. Let y be p(29). Calculate the greatest common factor of 12 and y.
4
Let x = 3869 - 3858. What is the highest common factor of 10857 and x?
11
Let n be (((-100980)/(-72))/11)/(2/100). Calculate the highest common factor of n and 357.
51
Suppose -m + 16 = 3*k - 9, 4*k + 30 = 5*m. Suppose -2*g - 4*x + 162 = 0, -m*g + 162 = -8*g + 3*x. What is the highest common factor of g and 3?
3
Suppose -2*z - 14 = 2. Let f be 12/z*(-12)/9. Suppose a = f*v, -2*a + 15 = -a + v. Calculate the highest common factor of a and 80.
10
Let t be 4/12*3 + 427. Suppose 5*u - 2*u = 3, 3*h - 4*u - t = 0. What is the highest common factor of h and 9?
9
Suppose 0 = 223*l + 1876 - 876 - 6798. Calculate the highest common factor of 4498 and l.
26
Let m be ((-5)/4*(-636)/60)/(23/9476). Calculate the greatest common factor of 106 and m.
53
Suppose -2*c = -c - 35. Let w = 46 + -42. Suppose s = -w*q + 28, -7 = -58*q + 57*q - 5*s. What is the greatest common divisor of q and c?
7
Let d(i) = i**3 - 10*i**2 + 6*i - 6. Let y be d(10). Let g(r) = -r**3 + 43*r**2 - 124*r + 322. Let c be g(40). Calculate the greatest common divisor of y and c.
54
Suppose v + 7673 = 30*v - 1694. Calculate the highest common divisor of 26163 and v.
323
Let c(d) = -626*d + 1633. Let j be c(-28). Calculate the highest common divisor of j and 18.
9
Let r(f) = 2*f**3 - 50*f**2 + 232*f - 22. Let z be r(19). Calculate the highest common divisor of z and 7362.
18
Let m = 103 + 86. Let n be (-5 - 1687/(-35))/((-38)/(-95)). Calculate the greatest common divisor of n and m.
27
Let l(j) = j**2 - 29*j + 42. Let k be ((-576)/27)/(4/(-12)*2). Let x be l(k). Calculate the highest common factor of x and 92.
46
Let v be 52/(-3)*9/(-2). Let h be (-5 + 1)/(1/3*-4). Suppose j + 22 = 3*c + c, -4*c = h*j - 30. Calculate the highest common factor of v and c.
6
Suppose 0 = -61*v + 62*v + 3*k - 62, 5*v = 3*k + 256. Calculate the greatest common divisor of 954 and v.
53
Suppose 5*l + 26*s - 24*s - 2204 = 0, 2*l - 876 = 2*s. Let y = 525 - l. Calculate the highest common divisor of y and 595.
85
Suppose -6 = -53*f + 50*f, -4*c = 3*f - 70. Let g = 18 - c. Calcu